5. What is the units digit of z?
5
Let h = 7 + -6. Suppose 0 = j - 79 - h. Suppose 2*b = -3*b + j. What is the tens digit of b?
1
Suppose 4*z - l - 5 = 6, 0 = 4*z + 5*l - 17. What is the tens digit of 48 - (z - 4)*3?
5
Let r be 1 - (-2)/(-1)*1. Let n(y) = y. Let a(l) = -4*l**2 + 4*l - 1. Let x(h) = -a(h) + 6*n(h). What is the units digit of x(r)?
3
Suppose 0 = -5*c - 22 - 3. Let d(f) = -f**3 - 6*f**2 - 7*f - 7. What is the units digit of d(c)?
3
Let w = 5 + -2. Suppose w*r = 80 + 136. What is the units digit of r/7 + 2/(-7)?
0
Suppose -3*p + 695 = 56. What is the hundreds digit of p?
2
Suppose 5*q - j - 33 = 0, 2*q = -j - j + 6. Suppose -4*i - t + 56 = 0, 2 = -2*t - q. What is the units digit of i?
5
Let c(s) be the second derivative of s**4/12 - s**3/3 + 3*s**2/2 + s. What is the units digit of c(6)?
7
Let f be -8 + -2 + (0 - -1). What is the tens digit of (-6 + 2 + f)*-1?
1
Let y = 18 - 3. Suppose 0 = -4*a - a - 2*g + 43, 5*a - 5*g - y = 0. What is the units digit of a?
7
Let d(h) = h**2 + 11*h + 2. Let s be (-112)/10 + (-3)/(-15). Let j be d(s). What is the units digit of (-12)/(-9)*3*j?
8
Let u(n) = n + 14. Let i be u(-10). Suppose 2*d + 0*l - 4*l = 14, 5*d = -i*l + 21. What is the units digit of d?
5
Let c(z) = -4*z**2 + 0*z**2 + 3*z**2 + 3*z - 4. Let y be c(3). What is the units digit of (1/2)/((-2)/y)?
1
Let t(h) = h**2 - 2*h + 3. Let c be t(2). Suppose -c*f + 0 = -12. Suppose 4*o + m - 18 = 6*m, 0 = -4*o - f*m. What is the units digit of o?
2
Suppose -60 = -5*b + x, 3*b + 0*x = -2*x + 36. Suppose 3*n + b = 27. What is the units digit of n?
5
Suppose -2*d - 8 = -o + 3, -5*o = d - 11. Suppose -o*x + 0*x + 39 = 0. What is the units digit of x?
3
Let p(f) = -f**2 + 6*f + 3. Let i be p(4). Let j = 14 - i. What is the units digit of j?
3
Suppose 0*l = -4*l + 4. Suppose -p + 4 = -x, x + l + 2 = 0. What is the units digit of p?
1
Suppose -5*b + 105 = -105. Let d be b/(-18) - (-4)/(-6). What is the units digit of ((-9)/(-6))/(d/(-18))?
9
Let y(m) = m + 1. Let t be y(-1). Let i be 22/(-55)*(-5 + t). Suppose -18 = -i*x - w, 2*x - w = w + 6. What is the units digit of x?
7
Suppose 5*i + 2 = -3. What is the tens digit of (-5 + 15)/(i + 2)?
1
Suppose 4*m + 25 = -15. Let i = -9 - m. What is the units digit of i?
1
Let p(u) = 2*u**2 + 2*u - 2. Let b be p(-2). Suppose 4*m - 21 = -f, -f = -5*f + b*m + 84. What is the tens digit of f?
2
Let r(c) = -4*c**3 - c**2 + c. What is the units digit of r(-3)?
6
Let f = 8 + -19. Let y = f + 42. What is the units digit of y?
1
Suppose 0 = -4*f + 60 - 8. Suppose 0 = 2*t + 3*y - f, 0 = 2*t + 5*y - 2 - 1. What is the units digit of t?
4
Suppose 4 = 4*a - 4. What is the units digit of a?
2
Suppose 4*z - 4*m = 28, -18 = -4*z + 3*m + 12. What is the units digit of z?
9
Let l(x) = 7*x**2 + 2*x. Let u be l(-2). Let c = 34 - u. What is the tens digit of c?
1
Let l be (9/4)/((-3)/(-16)). Let j = 0 + l. What is the units digit of j?
2
Suppose 10*p + 982 - 3842 = 0. What is the tens digit of p?
8
Suppose p + 2*p = 15. Let t be (-1)/p - 3/(-15). Suppose 0 = -t*a - 2*a + 2. What is the units digit of a?
1
Let i = -14 - -20. What is the units digit of i?
6
Let j be (-66)/10 - (-6)/(-15). Let v be 1 - -9*(-1)/1. Let o = j - v. What is the units digit of o?
1
Let r(x) = -x**2 + 8*x - 7. Suppose 4*g = 2*c - 12, 0*c = 5*g + 5*c. Let h be (1 + 1)/g - -7. What is the units digit of r(h)?
5
Let o be (-11)/(-4) + (-6)/8. Let c be (6/8)/(2/8). What is the units digit of (-2)/c*(-27)/o?
9
Suppose -8*f + 7*f + 419 = 0. What is the units digit of f?
9
Let p(r) = 5*r - 5. Let o = -4 + 8. What is the tens digit of p(o)?
1
Suppose -5 = -m + 6*m. What is the units digit of m/(-4) + 46/8?
6
Let y = 3 - -2. Suppose p - 7 = y*a, 5*a - 11 - 18 = -2*p. What is the units digit of p?
2
Let x be (6/4)/((-18)/(-60)). Suppose -2*v + x*u = 3*u, -21 = -3*v - 4*u. What is the units digit of v?
3
Let p(n) = 2*n - 12. Suppose -3*x + 5*x = 18. What is the units digit of p(x)?
6
Suppose -138 = -5*w + 3*w. What is the units digit of w?
9
Let i(a) = a**3 - 4*a**2 - 3*a - 16. What is the tens digit of i(7)?
1
Suppose 3*n - 3 = 69. Suppose 3*p + 4*d = n + 14, 4*p - 19 = d. What is the units digit of p?
6
Let k be (2 - 3/(-6))*2. Suppose -5*r = -2*o + 20, 3*o + k*r - 3 - 2 = 0. What is the units digit of o?
5
Let r = 1 - -1. Suppose r*z + 1 = 3. What is the units digit of -2 - (-9 - (z + -1))?
7
Let b = 1 - -3. Let p = b + -5. Let l(o) = 4*o**2 - 1. What is the units digit of l(p)?
3
Let f(p) be the second derivative of 19*p**5/20 - p**4/6 + p**3/6 + 2*p. What is the units digit of f(1)?
8
What is the tens digit of (-1 - 77)*36/(-54)?
5
Suppose l + 16 = t, 3*l - 64 + 12 = -2*t. Suppose -3*w = w - t. What is the units digit of w?
5
Let t = -36 + 132. What is the tens digit of t?
9
Let m = 0 + -28. Let r = m + 65. What is the tens digit of r?
3
Suppose 3*p - 5*h - 48 = 43, h - 189 = -5*p. What is the units digit of p?
7
Suppose 0 = -0*g + 4*g - 12. Let w(h) = h**3 - 3*h**2 + 4*h - 2. What is the units digit of w(g)?
0
Let k = -61 + 94. Suppose k = 2*h - 5*v - 30, 4*v + 132 = 4*h. Suppose 32 = w + 5*i, 2*w + h = 4*w + 4*i. What is the units digit of w?
7
Suppose -42*d = -37*d - 320. What is the units digit of d?
4
Let t = 101 + -70. What is the tens digit of t?
3
Let r = -3 + 3. Let a = 0 + r. Suppose -h = l - 5 - 2, -l - 4*h + 13 = a. What is the units digit of l?
5
Suppose -15*q = -1468 - 767. What is the hundreds digit of q?
1
Suppose -5*y - 33 = m - 155, 56 = 2*y - 2*m. Let b = -4 + y. What is the tens digit of b?
2
Suppose 0 = -3*j - 55 + 139. What is the units digit of j?
8
Suppose 5*z = 2*w - 5, -3*w + 37 = w - z. Let q = w + -11. Let j(b) = 22*b**2 - b - 1. What is the tens digit of j(q)?
2
Let a(b) = -6*b**3 - 4*b**2 - b + 4. Suppose 1 = 3*j + 7. What is the units digit of a(j)?
8
Suppose 0 = -y + 10 + 11. What is the units digit of y?
1
Let h(d) = d**2 - 6*d - 5. Let c be h(7). Suppose 0 = -c*m + 2 + 8. Let w = -1 + m. What is the units digit of w?
4
Let a = 3 - 5. Suppose -3 = -0*r - 3*r. What is the units digit of 19*r + 1 + a?
8
Suppose -d + 162 = 5*l, -2*l + l + 30 = -d. What is the units digit of l?
2
Let t(r) = 9*r**2 + 6*r - 9. What is the tens digit of t(5)?
4
Let q(c) = c + 3. Let s be q(-5). Let k = s - -8. Suppose -4*r + k = -3*r. What is the units digit of r?
6
What is the hundreds digit of 117/2*260/39?
3
Let u be (2/(-4))/(2/(-80)). Let w = 31 - u. What is the tens digit of w?
1
Suppose -42 = -d - x + 5*x, x + 5 = 0. Suppose -5*s + d = 3*g, -3*g = -g - 8. What is the units digit of s?
2
Let q(p) = -5*p + 2*p - 5 - 4*p**2 + p**3 + 9*p**2 + p. Let o be q(-4). Suppose 5*u - o = -2*g, 4*g - 2*u = 10 + 40. What is the tens digit of g?
1
Let d be (6/10)/(3/15). Suppose 0 = d*y - 4 - 11. Suppose 4*x - 2*x = -y*t + 28, 23 = 4*t + x. What is the units digit of t?
6
Let q = 69 - 37. What is the tens digit of q?
3
Suppose -p + 154 = 2*p - 4*z, 204 = 4*p - 4*z. What is the units digit of p?
0
Let p(o) = -o**3 - 8*o**2 + 7*o - 5. What is the units digit of p(-9)?
3
Let z = 158 - -127. What is the tens digit of z?
8
Let s(h) = -h**3 - 7*h**2 - h + 3. Suppose 2 + 23 = -5*m. Let g = m - 2. What is the tens digit of s(g)?
1
Let r be 3 + -1 + 1 + 0. Suppose -3 + 0 = -4*u + r*y, 0 = 4*u - 5*y + 3. What is the units digit of (2/u)/(2/24)?
8
Let y = -2 + 14. What is the units digit of y?
2
Let w = -61 - -136. What is the units digit of w?
5
Let l = 109 + -41. What is the tens digit of l?
6
Let s = 82 + -41. What is the units digit of s?
1
Suppose 9*o - 51 = 6*o. What is the units digit of o?
7
Let v(t) = 3*t - 1. What is the units digit of v(1)?
2
Let h(b) = -b + 8. Let d be h(8). Suppose -s - 2*s - 54 = d. Let t = s - -27. What is the units digit of t?
9
Suppose 3*v = -12, f + 3*f - 2*v = 28. Suppose -2*a = 3*y + 1 + 1, 4*y + 4 = -4*a. What is the units digit of (f/(-3) - a)*-3?
2
Let r(n) = n**2 + n. Suppose 0 = 4*u - 4*h, 4*h - 9 = -u + 2*h. What is the tens digit of r(u)?
1
Let l be 2/(-6)*(-3 + 6). Let n be 0/(-4) + (-1)/l. Suppose -x + 5 = -n. What is the units digit of x?
6
Let p(m) = 12*m + 86. What is the hundreds digit of p(15)?
2
Suppose 28*l = 26*l - 32. Let a = l - -34. What is the units digit of a?
8
Let g be (16/(-12) - -1)*-15. What is the tens d